{"id":72,"date":"2021-01-21T02:48:28","date_gmt":"2021-01-21T02:48:28","guid":{"rendered":"https:\/\/asovitat.com\/?page_id=72"},"modified":"2023-03-21T15:23:24","modified_gmt":"2023-03-21T15:23:24","slug":"encuentranos","status":"publish","type":"page","link":"https:\/\/asovitat.com\/index.php\/encuentranos\/","title":{"rendered":"Encu\u00e9ntranos"},"content":{"rendered":"<p>If you need to get an essay written it is best to hire a professional service. They&#8217;ll make sure that the work meets your expectations and deadlines.<a href=\"https:\/\/customessayhelp.net\" rel=\"sponsored\">A well-written custom essay is a great way to impress your teacher and make a lasting impression on them as well.<\/a>The top services will offer assurances that go over everything from quality and delivery as well as plagiarism and originality. The best companies will also supply you with a money-back policy and unlimited revisions.<\/p><p>A professional essay writing service will help with the writing process. They&#8217;re affordable and can provide professional writing.<a href=\"https:\/\/new-essays.net\/write-my-paper\/\">Write my paper for me &#8211; why you should hire a professional writer.<\/a>Find a company that has been in business for some time. The service should be reliable and offer a money-back guarantee or quality guarantee.<\/p><p>Egal, ob Sie ein freiberuflicher Schriftsteller sind, der nach mehr Arbeit sucht, oder ein Gesch\u00e4ftsinhaber, der Zeit sparen m\u00f6chte, Ghostwriters k\u00f6nnen eine erschwingliche L\u00f6sung sein.<a href=\"https:\/\/hausarbeiten-schreiben-lassen.com\/\">hausarbeit ghostwriting<\/a>Wenn Sie ein neuer Ghostwriter sind, ist es wichtig, Ihr Portfolio von schriftlichen Werken zu erstellen. Dazu geh\u00f6rt das Schreiben von B\u00fcchern, Artikeln oder Reden f\u00fcr Kunden.<\/p><p>Der Zeitdruck innerhalb des Bachelor -Grades hat dramatisch zugenommen.<a href=\"https:\/\/arbeitschreibenlassen.com\/bachelorarbeit-schreiben-lassen-mit-garant-fur-erfolg\/\">ghostwriting bachelorarbeit<\/a>nicht abschlie\u00dfen.Das Schreiben einer These erfordert ein umfassendes Wissen \u00fcber das Thema und eine gute Forschungsmethode. Aus diesem Grund wird h\u00e4ufig empfohlen, professionelle Unterst\u00fctzung beim Schreiben zu erhalten.<\/p><p>Akademische Ghostwriter sind Fachleute, die Aufs\u00e4tze, Forschungsarbeiten,<a href=\"https:\/\/premiumghostwriter.de\/>akademische ghostwriter<\/a>These und andere Dokumente im Namen von Kunden schreiben.Diese Autoren sind Experten in ihrem Studienbereich und k\u00f6nnen eine erstklassige Komposition f\u00fcr ihre Kunden schaffen.Normalerweise werden sie f\u00fcr diese Arbeit bezahlt. Einige Leute sehen diese Praxis jedoch als unethisch und illegal an.<\/p><p>In \u00abThe Ghost Writer\u00bb ruft Roman Polanski das Unbehagen eines Zeitalters hervor, in dem die bedrohlichsten Menschen manchmal <a href=\"https:\/\/premiumghostwriter.de\/>ghostwriter berlin<\/a>die kleinste sind, aber ihre L\u00e4cherlichkeit macht sie nicht weniger gef\u00e4hrlich.Das macht diesen Thriller mit internationalen Politik und Kriegsverbrechen als Kulisse so unheimlich und unvergesslich. Es ist die Art von Film, die sich so anf\u00fchlt, als k\u00f6nnte er den Spaziergang einer Frau entlang eines Boulevards mit einer Aura von Angst und Angst umh\u00fcllen.<\/p><p>If you&#8217;re planning on hiring an escort girl in Dubai, you should be aware of what to expect. It&#8217;s not as simple as just walking up to a beautiful <a href=\"https:\/\/dubaiescortstate.com\/\">dubai escort girl<\/a> girl and asking for her services!<\/p><p>Charges against escort drivers for violations of these guidelines can result in fines and penalties. If you are arrested for an escort related offense, <a href=\"https:\/\/nycescortmodels.com\/\">ny escort<\/a> contact an experienced criminal defense attorney at Tilem &#038; Associates in White Plains.<\/p>\n<div class=\"wp-block-webfactory-map\"><div class=\"wp-block-webfactory-map\"><iframe loading=\"lazy\" width=\"100%\" height=\"300px\" src=\"https:\/\/www.google.com\/maps\/embed\/v1\/place?q=gigante%20Huila&amp;maptype=roadmap&amp;zoom=10&amp;key=AIzaSyAjyDspiPfzEfjRSS5fQzm-3jHFjHxeXB4\" frameborder=\"0\"><\/iframe><\/div><\/div>\n<p>Ghostwriting ist ein Service, in dem ein professioneller <a href=\"https:\/\/premiumghostwriter.de\/ghostwriting\/\">ghostwriting<\/a> Schriftsteller Blog -Posts, B\u00fccher und andere Sachb\u00fccher f\u00fcr Kunden schreibt. Manchmal schreiben die Autoren unter den Namen des Kunden und manchmal werden sie als kollaborativer Partner gutgeschrieben.<\/p><p>Wenn Sie also nach einem hausarbeit schreiben lassen Service suchen, der erschwinglich ist <a href=\"https:\/\/hausarbeiten-schreiben-lassen.com\/\">hausarbeiten schreiben lassen<\/a> und eine qualitativ hochwertige Arbeit bietet, sollten Sie sich mit uns in Verbindung setzen! Wir erstellen Ihnen ein Angebot, basierend auf Ihren genauen Anforderungen.<\/p><p>Es ist recht im legalen Rahmen m\u00f6glich, das Hausarbeit von einem Ghostwriter <a href=\"https:\/\/arbeitschreibenlassen.com\/\">arbeiten schreiben lassen<\/a> verfasst zu haben. Angesichts der eidetischen Erklarung in den wissenschaftlichen Massstaben, die angenommen werden m\u00fcssen, sollte man immer daran achten, dass jeder Ghostwriter alle Vorgaben erf\u00fcllt.<\/p><p>Eine Master-These ist ein wichtiger Bestandteil Ihrer akademischen Karriere und erfordert ein gut entwickeltes Thema,<a href=\"https:\/\/premiumghostwriter.de\/masterarbeit\/\">masterarbeit ghostwriter<\/a> eine detaillierte Analyse und koh\u00e4rente Argumentation. Aus diesem Grund wenden sich viele Sch\u00fcler an Online -Abschlussarbeiten, um Hilfe bei ihrer Arbeit zu erhalten.<\/p>","protected":false},"excerpt":{"rendered":"<p>If you need to get an essay written it is best to hire a professional service. They&#8217;ll make sure that the work meets your expectations and deadlines.A well-written custom essay &hellip; <\/p>\n","protected":false},"author":1,"featured_media":73,"parent":0,"menu_order":0,"comment_status":"closed","ping_status":"closed","template":"","meta":[],"_links":{"self":[{"href":"https:\/\/asovitat.com\/index.php\/wp-json\/wp\/v2\/pages\/72"}],"collection":[{"href":"https:\/\/asovitat.com\/index.php\/wp-json\/wp\/v2\/pages"}],"about":[{"href":"https:\/\/asovitat.com\/index.php\/wp-json\/wp\/v2\/types\/page"}],"author":[{"embeddable":true,"href":"https:\/\/asovitat.com\/index.php\/wp-json\/wp\/v2\/users\/1"}],"replies":[{"embeddable":true,"href":"https:\/\/asovitat.com\/index.php\/wp-json\/wp\/v2\/comments?post=72"}],"version-history":[{"count":0,"href":"https:\/\/asovitat.com\/index.php\/wp-json\/wp\/v2\/pages\/72\/revisions"}],"wp:featuredmedia":[{"embeddable":true,"href":"https:\/\/asovitat.com\/index.php\/wp-json\/wp\/v2\/media\/73"}],"wp:attachment":[{"href":"https:\/\/asovitat.com\/index.php\/wp-json\/wp\/v2\/media?parent=72"}],"curies":[{"name":"wp","href":"https:\/\/api.w.org\/{rel}","templated":true}]}}